{"id":49,"date":"2009-12-03T09:59:37","date_gmt":"2009-12-03T14:59:37","guid":{"rendered":"http:\/\/www.baladeasaintjust.fr\/?page_id=49"},"modified":"2014-05-15T15:16:58","modified_gmt":"2014-05-15T20:16:58","slug":"les-fees-de-treal","status":"publish","type":"page","link":"https:\/\/www.baladeasaintjust.fr\/?page_id=49","title":{"rendered":"Les f\u00e9es de Tr\u00e9al"},"content":{"rendered":"<p><a href=\"https:\/\/www.baladeasaintjust.fr\/wp-content\/uploads\/2009\/12\/Les_Fees.jpg\" rel=\"lightbox[49]\"><img loading=\"lazy\" decoding=\"async\" class=\"alignnone size-full wp-image-190\" alt=\"Les F\u00e9es\" src=\"https:\/\/www.baladeasaintjust.fr\/wp-content\/uploads\/2009\/12\/Les_Fees.jpg\" width=\"580\" height=\"268\" srcset=\"https:\/\/www.baladeasaintjust.fr\/wp-content\/uploads\/2009\/12\/Les_Fees.jpg 997w, https:\/\/www.baladeasaintjust.fr\/wp-content\/uploads\/2009\/12\/Les_Fees-300x139.jpg 300w, https:\/\/www.baladeasaintjust.fr\/wp-content\/uploads\/2009\/12\/Les_Fees-768x355.jpg 768w\" sizes=\"(max-width: 580px) 100vw, 580px\" \/><\/a><\/p>\n<p>3h30, 12 km<br \/>\nDifficult\u00e9\u00a0: moyenne<br \/>\nBalisage\u00a0: GR39\u00a0 (rouge et blanc), PR (jaune)<\/p>\n<p>&nbsp;<\/p>\n<p><span style=\"font-size: small;\"><strong><span style=\"font-size: x-large;\">A voir en chemin<\/span><\/strong><span style=\"font-size: x-large;\">: <\/span><\/span><\/p>\n<p>&nbsp;<\/p>\n<p><strong>Le village de Poubreuil\u00a0:<\/strong> Une maison a cach\u00e9 l\u2019Abb\u00e9 Racap\u00e9\u00a0 pendant la r\u00e9volution. Il fut guillotin\u00e9 \u00e0 Redon en 1793 et une croix comm\u00e9more son souvenir au village de Parsac.<br \/>\n<strong>Le Canut\u00a0:<\/strong> Ce ruisseau prend sa source \u00e0 la Th\u00e9baudais en Saint-Ganton et apr\u00e8s avoir travers\u00e9 les \u00e9tangs du Val et celui de St-Julien en Renac, se jette dans la Vilaine pr\u00e8s du marais de Gannedel. Tendre l\u2019oreille et \u00e9couter \u00ab\u00a0la fileuse des bords du canut\u00a0\u00bb, chanson recueillie par A. Orain en 1884, au ch\u00e2teau du Val.<br \/>\n<strong>Les marais du Canut<\/strong> d\u2019o\u00f9 vous pouvez apercevoir le ch\u00e2teau du Val \u00e9rig\u00e9 aux alentours de 1900. Pont ancien ayant une architecture remarquable traversant la route face au marais.<br \/>\n<strong>L\u2019all\u00e9e couverte de Tr\u00e9al\u00a0:<\/strong> cette s\u00e9pulture \u00e0 entr\u00e9e lat\u00e9rale d\u2019une longueur sup\u00e9rieure \u00e0 15 m\u00e8tres, avait \u00e9t\u00e9 s\u00e9rieusement d\u00e9grad\u00e9e. Les fouilles de 1990 et 1991 men\u00e9es par Jacques Briard (CNRS).ont permis de dater des fragments de poteries\u00a0 de 2500 et 3500 ans avant J.C. En 1991 une restauration partielle a \u00e9t\u00e9 entreprise. <strong>L\u2019\u00e9tang du Val<\/strong>, vous le longerez en franchissant quelques escarpements rocheux pour atteindre les rochers d\u2019escalade.<br \/>\n<strong>Le site m\u00e9galithique des Landes de Cojoux\u00a0:<\/strong> en rejoignant le Bourg de saint-Just vous ne manquerez pas de d\u00e9couvrir\u00a0les principaux monuments\u00a0: <strong>Le four sarrazin, Le tribunal, la Croix Saint-Pierre, Le Ch\u00e2teau-bu, Les demoiselles <\/strong><\/p>\n<p>&nbsp;<\/p>\n<p><span style=\"font-size: small;\"><strong><span style=\"font-size: x-large;\">Pas \u00e0 pas<\/span><\/strong><\/span><\/p>\n<p><strong>\u00a0<\/strong><\/p>\n<p>1- En haut du bourg prendre la direction de Bruc sur Aff. Avant le village de Camas, prendre \u00e0 gauche pour rejoindre le village du Ch\u00e2taignier. Apr\u00e8s 600m, tourner \u00e0 droite. Le chemin empierr\u00e9 vous conduit au village de Poubreuil\u00a0 .<\/p>\n<p>2-Traverser la route, poursuivre en face. Au chemin transversal, tourner \u00e0 gauche puis encore \u00e0 gauche et enfin \u00e0 droite pour rejoindre la petite route qui traverse le Canut (vue sur les marais et le ch\u00e2teau du Val). prendre \u00e0 droite jusqu\u2019\u00e0 une fourche, de nouveau \u00e0 droite pour rejoindre le site de Tr\u00e9al. Vous apercevrez sur votre droite le manoir de la Rohulais. Peu apr\u00e8s le village, rejoindre la patte d&rsquo;oie.<\/p>\n<p>3- Vous entrez dans le bois. Passez la \u00ab\u00a0grotte aux f\u00e9es\u00a0\u00bb. Si vous les apercevez, n\u2019omettez pas de les saluer, sinon, gare au sort. Plus loin, \u00e0 votre gauche, se dresse la \u00ab\u00a0palette\u00a0\u00bb, ensemble naturel constitu\u00e9 d\u2019une longue lame de schiste dress\u00e9e \u00e0 chant. Plus loin, un monument m\u00e9galithique constitu\u00e9 d&rsquo;une quarantaine de dalles en pierre de poudingue forme une all\u00e9e couverte. Sit\u00f4t ce monument, vous remontez l\u00e9g\u00e8rement vers la gauche pour rejoindre le point le plus haut du site de Tr\u00e9al d&rsquo;o\u00f9 vous avez une vue remarquable Redescendre le sentier \u00e0 travers les ajoncs.<\/p>\n<p>4-Traverser la route. Prendre vers la gauche pour rejoindre le village de Bocad\u00e8ve. Traverser ce village et longer les landes de Bocad\u00e8ve. Vous arrivez sur la route reliant St-Just \u00e0 Sixt sur Aff. Prendre la direction de St-Just, vous passez, sur votre gauche, une tr\u00e8s belle croix de schiste r\u00e9cemment restaur\u00e9e, avant d&rsquo;arriver au Vieux Bourg.<\/p>\n<p>5- Apr\u00e8s le Moulin du Haut (priv\u00e9) qui a conserv\u00e9 sa roue, tourner \u00e0 gauche au niveau du parking pour rejoindre le site remarquable de Cojoux. Face \u00e0 ce moulin se trouve une carri\u00e8re, d\u2019o\u00f9 \u00e9taient extraits des palis. Vous quittez le balisage jaune pour reprendre celui du GR 39 (rouge et blanc)<\/p>\n<p>6- Ce chemin am\u00e9nag\u00e9 serpente sur la cr\u00eate de la Lande de Cojoux parsem\u00e9e de monuments m\u00e9galithiques. Des panneaux d\u2019interpr\u00e9tation vous conteront l\u2019histoire de ces pierres mill\u00e9naires et des Landes de Cojoux.<br \/>\n7-Traverser une petite route et continuer en face. Suivre \u00e0 gauche l\u2019accotement am\u00e9nag\u00e9 de la route qui conduit au bourg de Saint-Just.<\/p>\n","protected":false},"excerpt":{"rendered":"<p>3h30, 12 km Difficult\u00e9\u00a0: moyenne Balisage\u00a0: GR39\u00a0 (rouge et blanc), PR (jaune) &nbsp; A voir en chemin: &nbsp; Le village de Poubreuil\u00a0: Une maison a cach\u00e9 l\u2019Abb\u00e9 Racap\u00e9\u00a0 pendant la r\u00e9volution. Il fut guillotin\u00e9 \u00e0 Redon en 1793 et une croix comm\u00e9more son souvenir au village de Parsac. Le Canut\u00a0: Ce ruisseau prend sa source [&hellip;]<\/p>\n","protected":false},"author":1,"featured_media":0,"parent":26,"menu_order":2,"comment_status":"closed","ping_status":"closed","template":"","meta":{"footnotes":""},"_links":{"self":[{"href":"https:\/\/www.baladeasaintjust.fr\/index.php?rest_route=\/wp\/v2\/pages\/49"}],"collection":[{"href":"https:\/\/www.baladeasaintjust.fr\/index.php?rest_route=\/wp\/v2\/pages"}],"about":[{"href":"https:\/\/www.baladeasaintjust.fr\/index.php?rest_route=\/wp\/v2\/types\/page"}],"author":[{"embeddable":true,"href":"https:\/\/www.baladeasaintjust.fr\/index.php?rest_route=\/wp\/v2\/users\/1"}],"replies":[{"embeddable":true,"href":"https:\/\/www.baladeasaintjust.fr\/index.php?rest_route=%2Fwp%2Fv2%2Fcomments&post=49"}],"version-history":[{"count":6,"href":"https:\/\/www.baladeasaintjust.fr\/index.php?rest_route=\/wp\/v2\/pages\/49\/revisions"}],"predecessor-version":[{"id":179,"href":"https:\/\/www.baladeasaintjust.fr\/index.php?rest_route=\/wp\/v2\/pages\/49\/revisions\/179"}],"up":[{"embeddable":true,"href":"https:\/\/www.baladeasaintjust.fr\/index.php?rest_route=\/wp\/v2\/pages\/26"}],"wp:attachment":[{"href":"https:\/\/www.baladeasaintjust.fr\/index.php?rest_route=%2Fwp%2Fv2%2Fmedia&parent=49"}],"curies":[{"name":"wp","href":"https:\/\/api.w.org\/{rel}","templated":true}]}}