{"id":40,"date":"2009-12-03T09:57:09","date_gmt":"2009-12-03T14:57:09","guid":{"rendered":"http:\/\/www.baladeasaintjust.fr\/?page_id=40"},"modified":"2014-04-18T16:14:12","modified_gmt":"2014-04-18T21:14:12","slug":"circuit-2","status":"publish","type":"page","link":"https:\/\/www.baladeasaintjust.fr\/?page_id=40","title":{"rendered":"Le circuit des bois"},"content":{"rendered":"<p><strong>Circuit N\u00b05\u00a0:\u00a0le circuit des bois<\/strong><br \/>\n2h30, 15 km<br \/>\nDifficult\u00e9\u00a0: moyenne<br \/>\nBalisage\u00a0: Equibreizh, AACIV<br \/>\nVous pourrez d\u00e9couvrir une campagne bocag\u00e8re vallonn\u00e9e, vous longerez sur l\u2019ensemble du parcours de nombreux bois qui font l\u2019attrait de ce circuit. En prenant de la hauteur vous profiterez de superbes panoramas.<\/p>\n","protected":false},"excerpt":{"rendered":"<p>Circuit N\u00b05\u00a0:\u00a0le circuit des bois 2h30, 15 km Difficult\u00e9\u00a0: moyenne Balisage\u00a0: Equibreizh, AACIV Vous pourrez d\u00e9couvrir une campagne bocag\u00e8re vallonn\u00e9e, vous longerez sur l\u2019ensemble du parcours de nombreux bois qui font l\u2019attrait de ce circuit. En prenant de la hauteur vous profiterez de superbes panoramas.<\/p>\n","protected":false},"author":1,"featured_media":0,"parent":22,"menu_order":2,"comment_status":"closed","ping_status":"closed","template":"","meta":{"footnotes":""},"_links":{"self":[{"href":"https:\/\/www.baladeasaintjust.fr\/index.php?rest_route=\/wp\/v2\/pages\/40"}],"collection":[{"href":"https:\/\/www.baladeasaintjust.fr\/index.php?rest_route=\/wp\/v2\/pages"}],"about":[{"href":"https:\/\/www.baladeasaintjust.fr\/index.php?rest_route=\/wp\/v2\/types\/page"}],"author":[{"embeddable":true,"href":"https:\/\/www.baladeasaintjust.fr\/index.php?rest_route=\/wp\/v2\/users\/1"}],"replies":[{"embeddable":true,"href":"https:\/\/www.baladeasaintjust.fr\/index.php?rest_route=%2Fwp%2Fv2%2Fcomments&post=40"}],"version-history":[{"count":3,"href":"https:\/\/www.baladeasaintjust.fr\/index.php?rest_route=\/wp\/v2\/pages\/40\/revisions"}],"predecessor-version":[{"id":185,"href":"https:\/\/www.baladeasaintjust.fr\/index.php?rest_route=\/wp\/v2\/pages\/40\/revisions\/185"}],"up":[{"embeddable":true,"href":"https:\/\/www.baladeasaintjust.fr\/index.php?rest_route=\/wp\/v2\/pages\/22"}],"wp:attachment":[{"href":"https:\/\/www.baladeasaintjust.fr\/index.php?rest_route=%2Fwp%2Fv2%2Fmedia&parent=40"}],"curies":[{"name":"wp","href":"https:\/\/api.w.org\/{rel}","templated":true}]}}

<p><strong>Circuit N°5 : le circuit des bois</strong><br />
2h30, 15 km<br />
Difficulté : moyenne<br />
Balisage : Equibreizh, AACIV<br />
Vous pourrez découvrir une campagne bocagère vallonnée, vous longerez sur l’ensemble du parcours de nombreux bois qui font l’attrait de ce circuit. En prenant de la hauteur vous profiterez de superbes panoramas.</p>

<p>Circuit N°5 : le circuit des bois 2h30, 15 km Difficulté : moyenne Balisage : Equibreizh, AACIV Vous pourrez découvrir une campagne bocagère vallonnée, vous longerez sur l’ensemble du parcours de nombreux bois qui font l’attrait de ce circuit. En prenant de la hauteur vous profiterez de superbes panoramas.</p>
