{"id":34,"date":"2009-12-03T09:55:19","date_gmt":"2009-12-03T14:55:19","guid":{"rendered":"http:\/\/www.baladeasaintjust.fr\/?page_id=34"},"modified":"2024-12-17T17:25:12","modified_gmt":"2024-12-17T16:25:12","slug":"autres-circuits","status":"publish","type":"page","link":"https:\/\/www.baladeasaintjust.fr\/?page_id=34","title":{"rendered":"Autres circuits"},"content":{"rendered":"<p style=\"text-align: left;\">POUR UN SEJOUR\u00a0 ACTIF ET RICHE EN DECOUVERTES, NOUS VOUS PROPOSOSONS<\/p>\n<p><strong>En VTT<\/strong><\/p>\n<p>Balade en VTT avec le circuit PIPRIAC\/SAINT-JUST\u00a0 \u00ab\u00a0circuit des MEGALITHES\u00a0\u00bb cr\u00e9\u00e9 par l\u2019amicale cycliste de Pipriac.<\/p>\n<p><a href=\"http:\/\/cyclos-pipriac.ffct.org\"><b>http:\/\/cyclos-pipriac.ffct.org<\/b><\/a><\/p>\n<p><a href=\"https:\/\/www.baladeasaintjust.fr\/wp-content\/uploads\/2009\/12\/VTT.png\" rel=\"lightbox[34]\"><img loading=\"lazy\" decoding=\"async\" class=\"alignnone size-medium wp-image-217 aligncenter\" src=\"https:\/\/www.baladeasaintjust.fr\/wp-content\/uploads\/2009\/12\/VTT-300x218.png\" alt=\"VTT\" width=\"300\" height=\"218\" srcset=\"https:\/\/www.baladeasaintjust.fr\/wp-content\/uploads\/2009\/12\/VTT-300x218.png 300w, https:\/\/www.baladeasaintjust.fr\/wp-content\/uploads\/2009\/12\/VTT-1024x745.png 1024w, https:\/\/www.baladeasaintjust.fr\/wp-content\/uploads\/2009\/12\/VTT-768x559.png 768w, https:\/\/www.baladeasaintjust.fr\/wp-content\/uploads\/2009\/12\/VTT.png 1386w\" sizes=\"(max-width: 300px) 100vw, 300px\" \/><\/a><\/p>\n<p><strong>En VELO<\/strong><\/p>\n<p>Le circuit de Saint-Just \u00ab\u00a0V\u00e9lo promenades\u00a0\u00bb\u00a0 vous permettra de d\u00e9couvrir notre patrimoine local en empruntant des petites routes communales. A d\u00e9couvrir sur www.randobreizh.com<\/p>\n<p><a href=\"https:\/\/www.baladeasaintjust.fr\/wp-content\/uploads\/2009\/12\/Velo.png\" rel=\"lightbox[34]\"><img loading=\"lazy\" decoding=\"async\" class=\"alignnone size-medium wp-image-220\" src=\"https:\/\/www.baladeasaintjust.fr\/wp-content\/uploads\/2009\/12\/Velo-300x218.png\" alt=\"Carte v\u00e9mlo\" width=\"300\" height=\"218\" srcset=\"https:\/\/www.baladeasaintjust.fr\/wp-content\/uploads\/2009\/12\/Velo-300x218.png 300w, https:\/\/www.baladeasaintjust.fr\/wp-content\/uploads\/2009\/12\/Velo-1024x745.png 1024w, https:\/\/www.baladeasaintjust.fr\/wp-content\/uploads\/2009\/12\/Velo-768x559.png 768w, https:\/\/www.baladeasaintjust.fr\/wp-content\/uploads\/2009\/12\/Velo.png 1386w\" sizes=\"(max-width: 300px) 100vw, 300px\" \/><\/a><\/p>\n<p><strong>ANIMATIONS EQUESTRES<\/strong><\/p>\n<p><strong>ESCALADE\u00a0:<\/strong><br \/>\nAux alpinistes, les rochers qui surplombent la partie N-E de l\u2019\u00e9tang du Val offrent de nombreuses possibilit\u00e9s d\u2019entrainements comprenant 35 voies de 3b \u00e0 6b. Pour plus d\u2019infos n\u2019h\u00e9sitez pas \u00e0 consulter le site du comit\u00e9\u00a0d\u00e9partemental d\u2019Ille et Vilaine \u00ab\u00a0cd35ffme.fr\u00a0\u00bb<br \/>\n<a href=\"https:\/\/www.baladeasaintjust.fr\/wp-content\/uploads\/2009\/12\/Escalade.jpg\" rel=\"lightbox[34]\"><img loading=\"lazy\" decoding=\"async\" class=\"size-medium wp-image-231 alignleft\" src=\"https:\/\/www.baladeasaintjust.fr\/wp-content\/uploads\/2009\/12\/Escalade-198x300.jpg\" alt=\"Escalade\" width=\"198\" height=\"300\" \/><\/a><\/p>\n","protected":false},"excerpt":{"rendered":"<p>POUR UN SEJOUR\u00a0 ACTIF ET RICHE EN DECOUVERTES, NOUS VOUS PROPOSOSONS En VTT Balade en VTT avec le circuit PIPRIAC\/SAINT-JUST\u00a0 \u00ab\u00a0circuit des MEGALITHES\u00a0\u00bb cr\u00e9\u00e9 par l\u2019amicale cycliste de Pipriac. http:\/\/cyclos-pipriac.ffct.org En VELO Le circuit de Saint-Just \u00ab\u00a0V\u00e9lo promenades\u00a0\u00bb\u00a0 vous permettra de d\u00e9couvrir notre patrimoine local en empruntant des petites routes communales. A d\u00e9couvrir sur www.randobreizh.com [&hellip;]<\/p>\n","protected":false},"author":1,"featured_media":0,"parent":5,"menu_order":3,"comment_status":"closed","ping_status":"closed","template":"","meta":{"footnotes":""},"_links":{"self":[{"href":"https:\/\/www.baladeasaintjust.fr\/index.php?rest_route=\/wp\/v2\/pages\/34"}],"collection":[{"href":"https:\/\/www.baladeasaintjust.fr\/index.php?rest_route=\/wp\/v2\/pages"}],"about":[{"href":"https:\/\/www.baladeasaintjust.fr\/index.php?rest_route=\/wp\/v2\/types\/page"}],"author":[{"embeddable":true,"href":"https:\/\/www.baladeasaintjust.fr\/index.php?rest_route=\/wp\/v2\/users\/1"}],"replies":[{"embeddable":true,"href":"https:\/\/www.baladeasaintjust.fr\/index.php?rest_route=%2Fwp%2Fv2%2Fcomments&post=34"}],"version-history":[{"count":9,"href":"https:\/\/www.baladeasaintjust.fr\/index.php?rest_route=\/wp\/v2\/pages\/34\/revisions"}],"predecessor-version":[{"id":576,"href":"https:\/\/www.baladeasaintjust.fr\/index.php?rest_route=\/wp\/v2\/pages\/34\/revisions\/576"}],"up":[{"embeddable":true,"href":"https:\/\/www.baladeasaintjust.fr\/index.php?rest_route=\/wp\/v2\/pages\/5"}],"wp:attachment":[{"href":"https:\/\/www.baladeasaintjust.fr\/index.php?rest_route=%2Fwp%2Fv2%2Fmedia&parent=34"}],"curies":[{"name":"wp","href":"https:\/\/api.w.org\/{rel}","templated":true}]}}

<p style="text-align: left;">POUR UN SEJOUR  ACTIF ET RICHE EN DECOUVERTES, NOUS VOUS PROPOSOSONS</p>
<p><strong>En VTT</strong></p>
<p>Balade en VTT avec le circuit PIPRIAC/SAINT-JUST  « circuit des MEGALITHES » créé par l’amicale cycliste de Pipriac.</p>
<p><a href="http://cyclos-pipriac.ffct.org"><b>http://cyclos-pipriac.ffct.org</b></a></p>
<p><a href="https://www.baladeasaintjust.fr/wp-content/uploads/2009/12/VTT.png" rel="lightbox[34]"><img loading="lazy" decoding="async" class="alignnone size-medium wp-image-217 aligncenter" src="https://www.baladeasaintjust.fr/wp-content/uploads/2009/12/VTT-300x218.png" alt="VTT" width="300" height="218" srcset="https://www.baladeasaintjust.fr/wp-content/uploads/2009/12/VTT-300x218.png 300w, https://www.baladeasaintjust.fr/wp-content/uploads/2009/12/VTT-1024x745.png 1024w, https://www.baladeasaintjust.fr/wp-content/uploads/2009/12/VTT-768x559.png 768w, https://www.baladeasaintjust.fr/wp-content/uploads/2009/12/VTT.png 1386w" sizes="(max-width: 300px) 100vw, 300px" /></a></p>
<p><strong>En VELO</strong></p>
<p>Le circuit de Saint-Just « Vélo promenades »  vous permettra de découvrir notre patrimoine local en empruntant des petites routes communales. A découvrir sur www.randobreizh.com</p>
<p><a href="https://www.baladeasaintjust.fr/wp-content/uploads/2009/12/Velo.png" rel="lightbox[34]"><img loading="lazy" decoding="async" class="alignnone size-medium wp-image-220" src="https://www.baladeasaintjust.fr/wp-content/uploads/2009/12/Velo-300x218.png" alt="Carte vémlo" width="300" height="218" srcset="https://www.baladeasaintjust.fr/wp-content/uploads/2009/12/Velo-300x218.png 300w, https://www.baladeasaintjust.fr/wp-content/uploads/2009/12/Velo-1024x745.png 1024w, https://www.baladeasaintjust.fr/wp-content/uploads/2009/12/Velo-768x559.png 768w, https://www.baladeasaintjust.fr/wp-content/uploads/2009/12/Velo.png 1386w" sizes="(max-width: 300px) 100vw, 300px" /></a></p>
<p><strong>ANIMATIONS EQUESTRES</strong></p>
<p><strong>ESCALADE :</strong><br />
Aux alpinistes, les rochers qui surplombent la partie N-E de l’étang du Val offrent de nombreuses possibilités d’entrainements comprenant 35 voies de 3b à 6b. Pour plus d’infos n’hésitez pas à consulter le site du comité départemental d’Ille et Vilaine « cd35ffme.fr »<br />
<a href="https://www.baladeasaintjust.fr/wp-content/uploads/2009/12/Escalade.jpg" rel="lightbox[34]"><img loading="lazy" decoding="async" class="size-medium wp-image-231 alignleft" src="https://www.baladeasaintjust.fr/wp-content/uploads/2009/12/Escalade-198x300.jpg" alt="Escalade" width="198" height="300" /></a></p>

<p>POUR UN SEJOUR  ACTIF ET RICHE EN DECOUVERTES, NOUS VOUS PROPOSOSONS En VTT Balade en VTT avec le circuit PIPRIAC/SAINT-JUST  « circuit des MEGALITHES » créé par l’amicale cycliste de Pipriac. http://cyclos-pipriac.ffct.org En VELO Le circuit de Saint-Just « Vélo promenades »  vous permettra de découvrir notre patrimoine local en empruntant des petites routes communales. A découvrir sur www.randobreizh.com [&hellip;]</p>
