{"id":327,"date":"2016-11-05T11:17:19","date_gmt":"2016-11-05T16:17:19","guid":{"rendered":"http:\/\/www.baladeasaintjust.fr\/?page_id=327"},"modified":"2026-04-15T09:34:14","modified_gmt":"2026-04-15T07:34:14","slug":"327-2","status":"publish","type":"page","link":"https:\/\/www.baladeasaintjust.fr\/","title":{"rendered":"Accueil"},"content":{"rendered":"\n<p><\/p>\n\n\n\n<p style=\"font-size:27px\"><strong>Bal folk et buffet partag\u00e9<\/strong><\/p>\n\n\n\n<p style=\"font-size:27px\"><strong>Un petit bal convivial pour d\u00e9couvrir les danses<\/strong><\/p>\n\n\n\n<p style=\"font-size:27px\">Vendredi 24 avril &#8211; Saint-Just<\/p>\n\n\n\n<p>A Saint-Just, l\u2019atelier de danse folk rencontre un grand succ\u00e8s depuis deux ans. Une bonne vingtaine de participants y apprennent la chapeloise, le rondeau, les mixers, la mazurka, les bourr\u00e9es, et bien d\u2019autres.<\/p>\n\n\n\n<p>Faciles \u00e0 apprendre, ces danses permettent de partager un moment agr\u00e9able dans une ambiance chaleureuse et d\u00e9contract\u00e9e. L\u2019atelier compte d\u2019ailleurs des participants d\u2019\u00e2ges tr\u00e8s vari\u00e9s.<\/p>\n\n\n\n<p>Le vendredi 24 avril, FAR proposera une soir\u00e9e gratuite et ouverte \u00e0 tous afin de d\u00e9couvrir le bal folk en toute simplicit\u00e9. D\u00e9but du bal \u00e0 20h00.<\/p>\n\n\n\n<p>Chacun est invit\u00e9 \u00e0 apporter un plat sucr\u00e9 ou sal\u00e9 et\/ou une boisson \u00e0 partager afin de se restaurer entre les danses. Plusieurs musiciens locaux assureront la partie musicale.<\/p>\n\n\n\n<p>Informations<\/p>\n\n\n\n<p style=\"font-size:33px\"><strong>GRATUIT<\/strong><\/p>\n\n\n\n<p>Salle du FAR, 10 rue du Halgou\u00ebt, 35550 Saint-Just &#8211; Organis\u00e9 par le FAR (Foyer d\u2019Animation Rural) avec le soutien du P\u2019tit Festival. Contact&nbsp;: Robert COTTO (Pr\u00e9sident du FAR) : 06 14 43 44 11.<\/p>\n\n\n\n<figure class=\"wp-block-image size-large is-resized\"><a href=\"https:\/\/www.baladeasaintjust.fr\/wp-content\/uploads\/2026\/04\/bal-folk-2024-2025-1-scaled.jpg\" rel=\"lightbox[327]\"><img loading=\"lazy\" decoding=\"async\" width=\"1024\" height=\"747\" src=\"https:\/\/www.baladeasaintjust.fr\/wp-content\/uploads\/2026\/04\/bal-folk-2024-2025-1-1024x747.jpg\" alt=\"\" class=\"wp-image-656\" style=\"width:362px;height:auto\" srcset=\"https:\/\/www.baladeasaintjust.fr\/wp-content\/uploads\/2026\/04\/bal-folk-2024-2025-1-1024x747.jpg 1024w, https:\/\/www.baladeasaintjust.fr\/wp-content\/uploads\/2026\/04\/bal-folk-2024-2025-1-300x219.jpg 300w, https:\/\/www.baladeasaintjust.fr\/wp-content\/uploads\/2026\/04\/bal-folk-2024-2025-1-768x561.jpg 768w, https:\/\/www.baladeasaintjust.fr\/wp-content\/uploads\/2026\/04\/bal-folk-2024-2025-1-1536x1121.jpg 1536w, https:\/\/www.baladeasaintjust.fr\/wp-content\/uploads\/2026\/04\/bal-folk-2024-2025-1-2048x1495.jpg 2048w\" sizes=\"(max-width: 1024px) 100vw, 1024px\" \/><\/a><\/figure>\n\n\n\n<p><\/p>\n\n\n\n<p><\/p>\n\n\n\n<figure class=\"wp-block-image size-large is-resized\"><a href=\"https:\/\/www.baladeasaintjust.fr\/wp-content\/uploads\/2026\/04\/AG-1.png\" rel=\"lightbox[327]\"><img loading=\"lazy\" decoding=\"async\" width=\"721\" height=\"1024\" src=\"https:\/\/www.baladeasaintjust.fr\/wp-content\/uploads\/2026\/04\/AG-1-721x1024.png\" alt=\"\" class=\"wp-image-660\" style=\"width:453px;height:auto\" srcset=\"https:\/\/www.baladeasaintjust.fr\/wp-content\/uploads\/2026\/04\/AG-1-721x1024.png 721w, https:\/\/www.baladeasaintjust.fr\/wp-content\/uploads\/2026\/04\/AG-1-211x300.png 211w, https:\/\/www.baladeasaintjust.fr\/wp-content\/uploads\/2026\/04\/AG-1-768x1090.png 768w, https:\/\/www.baladeasaintjust.fr\/wp-content\/uploads\/2026\/04\/AG-1-1082x1536.png 1082w, https:\/\/www.baladeasaintjust.fr\/wp-content\/uploads\/2026\/04\/AG-1.png 1409w\" sizes=\"(max-width: 721px) 100vw, 721px\" \/><\/a><\/figure>\n\n\n\n<p class=\"has-large-font-size\"><strong><u>Nouvelle activit\u00e9 photo au FA<\/u>R<\/strong> :<\/p>\n\n\n\n<figure class=\"wp-block-table\"><table><tbody><tr><td>Elle a pour projet de rassembler les personnes souhaitant faire de la photo, qu\u2019elles soient d\u00e9butantes ou plus confirm\u00e9es.&nbsp; Son but est d\u2019apporter les bases aux personnes peu habitu\u00e9es \u00e0 l\u2019utilisation d\u2019un reflex et de permettre aux autres de sortir du mode automatique de fa\u00e7on \u00e0 pouvoir utiliser leur bo\u00eetier pleinement et sereinement.&nbsp; Elle proposera aux membres des sorties pour progresser dans l\u2019utilisation de leur appareil dans diff\u00e9rents contextes.&nbsp; Ses membres auront la possibilit\u00e9 de partager leurs photos et ainsi, s\u2019ils le souhaitent, de pouvoir b\u00e9n\u00e9ficier de conseils mais \u00e9galement de les pr\u00e9senter \u00e0 des concours, comme celui organis\u00e9 par la Mairie.<\/td><\/tr><\/tbody><\/table><\/figure>\n\n\n\n<div class=\"wp-block-media-text is-stacked-on-mobile\"><figure class=\"wp-block-media-text__media\"><img loading=\"lazy\" decoding=\"async\" width=\"1024\" height=\"1024\" src=\"https:\/\/www.baladeasaintjust.fr\/wp-content\/uploads\/2025\/12\/DSC_18381_edited-1024x1024.jpg\" alt=\"\" class=\"wp-image-636 size-full\" srcset=\"https:\/\/www.baladeasaintjust.fr\/wp-content\/uploads\/2025\/12\/DSC_18381_edited-1024x1024.jpg 1024w, https:\/\/www.baladeasaintjust.fr\/wp-content\/uploads\/2025\/12\/DSC_18381_edited-300x300.jpg 300w, https:\/\/www.baladeasaintjust.fr\/wp-content\/uploads\/2025\/12\/DSC_18381_edited-150x150.jpg 150w, https:\/\/www.baladeasaintjust.fr\/wp-content\/uploads\/2025\/12\/DSC_18381_edited-768x769.jpg 768w, https:\/\/www.baladeasaintjust.fr\/wp-content\/uploads\/2025\/12\/DSC_18381_edited-1534x1536.jpg 1534w\" sizes=\"(max-width: 1024px) 100vw, 1024px\" \/><\/figure><div class=\"wp-block-media-text__content\">\n<p><\/p>\n<\/div><\/div>\n\n\n\n<figure class=\"wp-block-table\"><table><tbody><tr><td><br><\/td><\/tr><\/tbody><\/table><\/figure>\n\n\n\n<p><\/p>\n\n\n\n<p><\/p>\n\n\n\n<p class=\"has-medium-font-size\"><\/p>\n\n\n\n\n","protected":false},"excerpt":{"rendered":"<p>Bal folk et buffet partag\u00e9 Un petit bal convivial pour d\u00e9couvrir les danses Vendredi 24 avril &#8211; Saint-Just A Saint-Just, l\u2019atelier de danse folk rencontre un grand succ\u00e8s depuis deux ans. Une bonne vingtaine de participants y apprennent la chapeloise, le rondeau, les mixers, la mazurka, les bourr\u00e9es, et bien d\u2019autres. Faciles \u00e0 apprendre, ces [&hellip;]<\/p>\n","protected":false},"author":2,"featured_media":0,"parent":0,"menu_order":0,"comment_status":"open","ping_status":"closed","template":"","meta":{"footnotes":""},"_links":{"self":[{"href":"https:\/\/www.baladeasaintjust.fr\/index.php?rest_route=\/wp\/v2\/pages\/327"}],"collection":[{"href":"https:\/\/www.baladeasaintjust.fr\/index.php?rest_route=\/wp\/v2\/pages"}],"about":[{"href":"https:\/\/www.baladeasaintjust.fr\/index.php?rest_route=\/wp\/v2\/types\/page"}],"author":[{"embeddable":true,"href":"https:\/\/www.baladeasaintjust.fr\/index.php?rest_route=\/wp\/v2\/users\/2"}],"replies":[{"embeddable":true,"href":"https:\/\/www.baladeasaintjust.fr\/index.php?rest_route=%2Fwp%2Fv2%2Fcomments&post=327"}],"version-history":[{"count":87,"href":"https:\/\/www.baladeasaintjust.fr\/index.php?rest_route=\/wp\/v2\/pages\/327\/revisions"}],"predecessor-version":[{"id":661,"href":"https:\/\/www.baladeasaintjust.fr\/index.php?rest_route=\/wp\/v2\/pages\/327\/revisions\/661"}],"wp:attachment":[{"href":"https:\/\/www.baladeasaintjust.fr\/index.php?rest_route=%2Fwp%2Fv2%2Fmedia&parent=327"}],"curies":[{"name":"wp","href":"https:\/\/api.w.org\/{rel}","templated":true}]}}

<p></p>



<p style="font-size:27px"><strong>Bal folk et buffet partagé</strong></p>



<p style="font-size:27px"><strong>Un petit bal convivial pour découvrir les danses</strong></p>



<p style="font-size:27px">Vendredi 24 avril &#8211; Saint-Just</p>



<p>A Saint-Just, l’atelier de danse folk rencontre un grand succès depuis deux ans. Une bonne vingtaine de participants y apprennent la chapeloise, le rondeau, les mixers, la mazurka, les bourrées, et bien d’autres.</p>



<p>Faciles à apprendre, ces danses permettent de partager un moment agréable dans une ambiance chaleureuse et décontractée. L’atelier compte d’ailleurs des participants d’âges très variés.</p>



<p>Le vendredi 24 avril, FAR proposera une soirée gratuite et ouverte à tous afin de découvrir le bal folk en toute simplicité. Début du bal à 20h00.</p>



<p>Chacun est invité à apporter un plat sucré ou salé et/ou une boisson à partager afin de se restaurer entre les danses. Plusieurs musiciens locaux assureront la partie musicale.</p>



<p>Informations</p>



<p style="font-size:33px"><strong>GRATUIT</strong></p>



<p>Salle du FAR, 10 rue du Halgouët, 35550 Saint-Just &#8211; Organisé par le FAR (Foyer d’Animation Rural) avec le soutien du P’tit Festival. Contact&nbsp;: Robert COTTO (Président du FAR) : 06 14 43 44 11.</p>



<figure class="wp-block-image size-large is-resized"><a href="https://www.baladeasaintjust.fr/wp-content/uploads/2026/04/bal-folk-2024-2025-1-scaled.jpg" rel="lightbox[327]"><img loading="lazy" decoding="async" width="1024" height="747" src="https://www.baladeasaintjust.fr/wp-content/uploads/2026/04/bal-folk-2024-2025-1-1024x747.jpg" alt="" class="wp-image-656" style="width:362px;height:auto" srcset="https://www.baladeasaintjust.fr/wp-content/uploads/2026/04/bal-folk-2024-2025-1-1024x747.jpg 1024w, https://www.baladeasaintjust.fr/wp-content/uploads/2026/04/bal-folk-2024-2025-1-300x219.jpg 300w, https://www.baladeasaintjust.fr/wp-content/uploads/2026/04/bal-folk-2024-2025-1-768x561.jpg 768w, https://www.baladeasaintjust.fr/wp-content/uploads/2026/04/bal-folk-2024-2025-1-1536x1121.jpg 1536w, https://www.baladeasaintjust.fr/wp-content/uploads/2026/04/bal-folk-2024-2025-1-2048x1495.jpg 2048w" sizes="(max-width: 1024px) 100vw, 1024px" /></a></figure>



<p></p>



<p></p>



<figure class="wp-block-image size-large is-resized"><a href="https://www.baladeasaintjust.fr/wp-content/uploads/2026/04/AG-1.png" rel="lightbox[327]"><img loading="lazy" decoding="async" width="721" height="1024" src="https://www.baladeasaintjust.fr/wp-content/uploads/2026/04/AG-1-721x1024.png" alt="" class="wp-image-660" style="width:453px;height:auto" srcset="https://www.baladeasaintjust.fr/wp-content/uploads/2026/04/AG-1-721x1024.png 721w, https://www.baladeasaintjust.fr/wp-content/uploads/2026/04/AG-1-211x300.png 211w, https://www.baladeasaintjust.fr/wp-content/uploads/2026/04/AG-1-768x1090.png 768w, https://www.baladeasaintjust.fr/wp-content/uploads/2026/04/AG-1-1082x1536.png 1082w, https://www.baladeasaintjust.fr/wp-content/uploads/2026/04/AG-1.png 1409w" sizes="(max-width: 721px) 100vw, 721px" /></a></figure>



<p class="has-large-font-size"><strong><u>Nouvelle activité photo au FA</u>R</strong> :</p>



<figure class="wp-block-table"><table><tbody><tr><td>Elle a pour projet de rassembler les personnes souhaitant faire de la photo, qu’elles soient débutantes ou plus confirmées.&nbsp; Son but est d’apporter les bases aux personnes peu habituées à l’utilisation d’un reflex et de permettre aux autres de sortir du mode automatique de façon à pouvoir utiliser leur boîtier pleinement et sereinement.&nbsp; Elle proposera aux membres des sorties pour progresser dans l’utilisation de leur appareil dans différents contextes.&nbsp; Ses membres auront la possibilité de partager leurs photos et ainsi, s’ils le souhaitent, de pouvoir bénéficier de conseils mais également de les présenter à des concours, comme celui organisé par la Mairie.</td></tr></tbody></table></figure>



<div class="wp-block-media-text is-stacked-on-mobile"><figure class="wp-block-media-text__media"><img loading="lazy" decoding="async" width="1024" height="1024" src="https://www.baladeasaintjust.fr/wp-content/uploads/2025/12/DSC_18381_edited-1024x1024.jpg" alt="" class="wp-image-636 size-full" srcset="https://www.baladeasaintjust.fr/wp-content/uploads/2025/12/DSC_18381_edited-1024x1024.jpg 1024w, https://www.baladeasaintjust.fr/wp-content/uploads/2025/12/DSC_18381_edited-300x300.jpg 300w, https://www.baladeasaintjust.fr/wp-content/uploads/2025/12/DSC_18381_edited-150x150.jpg 150w, https://www.baladeasaintjust.fr/wp-content/uploads/2025/12/DSC_18381_edited-768x769.jpg 768w, https://www.baladeasaintjust.fr/wp-content/uploads/2025/12/DSC_18381_edited-1534x1536.jpg 1534w" sizes="(max-width: 1024px) 100vw, 1024px" /></figure><div class="wp-block-media-text__content">
<p></p>
</div></div>



<figure class="wp-block-table"><table><tbody><tr><td><br></td></tr></tbody></table></figure>



<p></p>



<p></p>



<p class="has-medium-font-size"></p>

<p>Bal folk et buffet partagé Un petit bal convivial pour découvrir les danses Vendredi 24 avril &#8211; Saint-Just A Saint-Just, l’atelier de danse folk rencontre un grand succès depuis deux ans. Une bonne vingtaine de participants y apprennent la chapeloise, le rondeau, les mixers, la mazurka, les bourrées, et bien d’autres. Faciles à apprendre, ces [&hellip;]</p>
